24
-20
(-23 - -11) + (11 - -56) + -15
40
Evaluate -1 + 1 + -155 + 162 - (43 + -33).
-3
-2 - 37 - (0 - 4 - (-13 + -89 - -89))
-48
What is the value of -27 + -33 + 42 + (-12 - 1) - 13?
-44
What is -14 + -83 + 32 - 6?
-71
(-3 - 19) + 29 - (-24 - 3)
34
Calculate -48 - (-23 - -20 - -24).
-69
What is the value of -17 - -3 - (-55 - (34 - 45))?
30
What is the value of 73 + -132 - (-59 - -18)?
-18
(34 - 28) + (73 + -4 - 12)
63
51 + 56 + (-39 - -17) + -7
78
Calculate (-5 - (25 + 5 + -41)) + (-56 - (1 + 0)).
-51
Evaluate (-28 - -9) + -23 + -27 + 34.
-35
What is the value of (2 - -2) + (-23 - -15) + -20?
-24
What is the value of -76 + -1 + 10 + 14?
-53
(-2371 - -2395) + (-1 + 14 - -2)
39
Evaluate (-10 - 36) + 62 + -20.
-4
What is -34 + -42 + (33 - -8)?
-35
What is the value of 101 + (-21 - -2 - (-53 + 54))?
81
Calculate (4 - 4) + -3 - (23 + -3 + 2).
-25
Calculate (-27 - -24) + -37 + 1 - ((11 - 21) + 20).
-49
Evaluate 17 - (35 + (-6 - (-22 + 25))).
-9
Evaluate (-27 - -15 - (-5 + (0 - 2))) + 76.
71
What is 60 + -24 + 42 + -53?
25
36 + -103 + (10 - -86)
29
What is the value of -34 + 80 + -8 + -55?
-17
What is the value of -33 + -13 + (9 - -18) + -34?
-53
Evaluate -4 + -2 + 5 + -7 + 9 + -57 - -4.
-52
-152 + 63 + 71 + -88
-106
What is the value of -3 + (-20 + 12 - -5) + 0 - -6?
0
Calculate 22 + -12 + (41 - 15).
36
What is the value of -13 + -6 + (21 - (-22 - (4 + 56)))?
84
Calculate -2 - (27 + (-111 - -8) - (-18 - -1)).
57
Calculate (-4 - (-14 + 13 + (-18 - -11))) + 2 + -27.
-21
-6 - (-14 - (12 - 6)) - (9 - 5)
10
Evaluate 8 + 50 + (-180 - -84).
-38
Evaluate -8 - 6 - (-7 + 0) - (-7 - -8 - 80).
72
Evaluate (-148 - -25) + 42 - -82.
1
-2006 + 2046 - (86 + 0)
-46
(-3 - -96) + 30 + -11 + -5 + -3
104
24 + 24 - (-4 + 4 - 8 - -18)
38
(23 - (-32 + 27 + -8)) + 27
63
Calculate -42 + -2 + 38 + 0 + -1 + 54 - -12.
59
What is the value of -33 - (-24 + (28 - (6 - 0)))?
-31
What is -7 + 12 + (-1 - (0 + 17 + -10 + 4))?
-7
What is -10 + (-4 - -10) + 9 + 15 + -10?
10
Evaluate -73 - (-27 - 28) - 36.
-54
(104 - 60) + -92 + 4
-44
What is 1 + 0 + (20 - ((6 - -5) + 2))?
8
Evaluate 14 + -1 + -8 + 9 + 4 + -81.
-63
15 + 61 + -57 + (-8 - 0 - (11 + -10))
10
What is -25 + (-9 - 10) + -9 + -4?
-57
What is (0 - 68) + (-17 + 30 + -50 - -38)?
-67
What is -7 - (-5 + (-2 - -9 - (-3 - (13 + -11))))?
-14
Calculate (766 - 875) + (91 - -14).
-4
-33 + (0 + 1 - (-34 + 10 + 14))
-22
Calculate 6 + -19 + (4 - (-45 - -7)).
29
(36 - 1) + (-16 - -6 - -12 - 1)
36
What is 39 + -6 - (-2 + -5 + 38 + -11 + -23)?
36
Calculate 27 + (-12 + (-27 - -40) - -14).
42
What is the value of 15 + 6 + (-39 - (1 + -18) - -12)?
11
What is the value of -11 + (65 + -54 - (31 - (-5 - -10)))?
-26
Evaluate (101 - (346 - 76)) + 90.
-79
What is -3 - (10 + (10 + 11 + -16 - (1 + -22)))?
-39
What is the value of -53 + (121 - 13) - 30?
25
What is 2368 - 2512 - (0 + -95)?
-49
What is the value of (7 + 6 - -7 - (-6 - -27)) + -12?
-13
(-2 - (-8 - 1 - -3) - -10) + 2 + -4
12
What is the value of 5 + -4 + 0 + 7 + 23 + -52 + 5?
-16
What is -10 + 10 + 7 + (16 - 25) + 16?
14
Evaluate -1 + 15 + (-14 - 26) + -24.
-50
Evaluate -47 + 87 - 120 - -72.
-8
What is the value of 16 + -3 + 18 - (40 + -66)?
57
Evaluate 7 - 10 - -61 - -6 - (13 + -14).
65
What is -9 - 1 - ((-4 - (4 - (9 + -10))) + 4)?
-5
Evaluate ((3 - 0) + (48 - -62) - 6) + -33 + 19.
93
Calculate (-261 - -248) + 5 + (65 - (3 - 5)).
59
2 + -11 + (6 + 4 + -18 - -3) + 2
-12
6 + 0 + 1 + 15 + -25 + (-28 - 96)
-127
Calculate (-6 - 22) + -4 - -74 - -14.
56
What is 24 - 9 - (104 + -103)?
14
What is the value of -8 - 24 - -8 - (8 - 19)?
-13
Calculate 30 + -47 - (-11 - -133) - -35.
-104
What is 61 + 67 + (-57 - 61)?
10
What is the value of (97 - 6) + -66 - (-25 + 0)?
50
120 - 100 - (-93 + 121)
-8
What is 26 + -63 + 57 + -34 + -14?
-28
What is 271 - 91 - (-24 + 62)?
142
What is -18 + -70 + 59 + 82?
53
What is (-53 - -23) + 116 - -28 - ((3 - 9) + -1)?
121
What is -23 - (-19 - (-32 - -13) - -9)?
-32
What is 3 - (0 - -2 - -20) - (274 + -274)?
-19
What is 1 - ((-11 - 10 - -14) + -7) - -8?
23
-109 + (2 - 11) + -420 + 452
-86
What is the value of (-7 - -26) + -24 + 5 - (70 - (2 - 5))?
-73
What is -8 + -10 - ((-29 - -8) + (-22 - -59))?
-34
Calculate 80 + (-35 + 40 - (10 - 0)).
75
Calculate -20 + (-50 - -33) - -17.
-20
Evaluate 77 + (-11 + 51 - (35 - -18)).
64
Calculate 89 + -5 + 0 + (-18 - (-17 - (-20 + 11))).
74
Calculate (141 + 0 - (-1 - 1)) + (12099 - 12119).
123
Evaluate (1 + 5 - -16) + -5 - (-50 + 20).
47
Calculate -2 + -34 + 15 + (36 - -76).
91
Calculate 5 + 20 - (808 + -814).
31
What is -26 + (238 - 232) + -5 + -12?
-37
Evaluate (4 - (1 - 6)) + (-55 - -65) + 7 + 4.
30
What is -20 + -50 + (-84 - -65)?
-89
What is the value of (30 - 50) + -3 + (12 - (-2 + 3))?
-12
-6 + 8 + (-15 - -40) - 6
21
(-5657 - -5673) + (-5 + 3 - -58)
72
-30 - 1 - (-1742 + 1719)
-8
Calculate -104 + 37 - -178 - 66.
45
What is (0 - -12) + (3 - (6 + (14 - 10))) - 18?
-13
What is the value of 40 + -30 + (53 - (22 + -26))?
67
(-65 - -3) + -2 - (34 + -61)
-37
Calculate -27 - (8 - -2 - (-323 + 311)).
-49
(-128 - -64) + 47 - -47
30
Calculate -66 - (-37 + -7) - (94 - 5).
-111
Evaluate 103 + -21 - 8 - (11 - (2 + 1 - -2)).
68
-3 + (-39 + -7 - -78)
29
Evaluate -4 + -13 + (-29 - (3 - 14 - -27)).
-62
(115 + -88 - 77) + 50
0
Calculate 2 + -51 + -77 - -83.
-43
What is 790 - 795 - (1 - (-2 - -7) - 8)?
7
-47 - (-65 + 81 - -38)
-101
Calculate 118 + (-38 - -4) + (222 - 190).
116
Evaluate 47 + -60 + -93 + 60.
-46
What is 11 + (-16 - (7 - 12) - 0)?
0
Calculate 56 + -124 + 103 + 2 + -138.
-101
What is (-617 - -603) + -39 + 1 + -3?
-55
What is the value of -3 + (-67 - -21) - -20 - -79?
50
What is the value of (0 - 110) + (41 - (-143 - -154))?
-80
What is the value of (-17 - (30 - 5 - 20)) + 7 - (7 + 1)?
-23
What is the value of 0 + (51 - 56) - -2?
-3
Evaluate -7 + 11 + (-12 - -1 - -2 - -3).
-2
What is 330 - 316 - ((2 - 0 - (16 + -20)) + 98)?
-90
Evaluate -5 + (12 + 2 + 21 - 15) - -25.
40
What is the value of 11 + 18 - 13 - (23 + -3)?
-4
What is the value of 18 - (8 + -10 - (74 + -12 + 10))?
92
Evaluate -16 - (-15 + -4 + 0 + (52 - 43)) - 25.
-31
Calculate 163 + -127 + -133 - -142.
45
What is -46 + 182 + 15 - 49?
102
Calculate 7 - 28 - (7 + -16) - (-14 - 26).
28
What is -7 + (-18 - -28) + -1 - ((-9 - -5) + -4)?
10
Calculate -13 - 0 - (-15 + 16 + -56 + 24).
18
Calculate -1 + 1 + (9 - (-4 - (11 + -18))).
6
Evaluate (1 - (6 + -7 + 3)) + 11 + 10.
20
What is 38 + 2 + (-4 - (-3 + (-14 - -10))) + 5?
48
What is the value of (24 - 22) + 40 + -35?
7
Calculate 52 - -4 - (1223 - 1237).
70
What is the value of -6 + (15 - 11 - 12 - -1) + 11 + 12?
10
Evaluate 65 + -16 + 25 + (4 + -4 - 10).
64
What is 8 + (27 + -54 - -21 - -41)?
43
(-3679 - -3638) + (15 - (0 - -1))
-27
What is 27 + -15 + 17 + -5?
24
What is the value of 2 + (-15 + -4 - -10) + -5 + 7?
-5
Evaluate 12 + -20 + 17 + -1 + 0.
8
What is (9 - (-1 - -11)) + 2 - -12 - 3 - -14?
24
What is the value of 5 + -4 - -22 - 4 - (-514 + 471)?
62
Calculate 117 - ((-3329 - -3338) + (-9 - (4 - 2))).
119
What is the value of (56 - 1) + (-246 - -235) + 9 + -7 + 9?
55
Evaluate -5 - (-25 - (22 + -36)) - (-2 + -44).
52
Calculate (15 - 2) + (-2 - (5 + 1 - -13)) + 8.
0
What is 0 + (-3 - -3) + -32 + -23 + 16 + 4?
-35
Evaluate (-145 - -253) + -66 - (0 - (0 + -1) - 5).
46
54 - (233 + -10 + -72)
-97
(-1 - -5) + (-414 - -383) + -10
-37
74 + -6 + -70 + (38 - 1)
35
Evaluate -25 - (1 - (-14 + 80)).
40
What is the value of (12 + -15 - -7 - 14) + 38 + -97?
-69
-14 - -10 - (-3 - (-14 - (-4 + 90 - 14)))
-87
Evaluate -2677 + 2685 + -1 + -30.
-23
What is the value of 191 + -198 - (34 + 9)?
-50
Evaluate -7 - (-34 + (54 - 96)).
69
-81 + 69 - (-27 + -59)
74
Calculate (-25 - -57) + -7 - (9 - 12 - 0 - 8).
36
Calculate 0 + 73 + -48 + -8 + 1 + -57.
-39
Calculate (37 - 145) + 124 + -98.
-82
Evaluate -1 + (-3 + 3 - (6 - (11 + 7 + -14))).
-3
What is -28 + 44 - (2 + 1 - (15 - (18 + -14)))?
24
What is the value of (-28 - (3 - -1)) + (143 - 120) + 101?
92
Evaluate -48 + (5 - 30) + 32.
-41
What is the value of 155 - -5 - (653 + -595)?
102
What is the value of -24 - ((-32 - 0) + -16) - -29?
53
Calculate -141 + (29 - 34) + 61.
-85
Calculate (24 - 34) + -8 + (28 - 11).
-1
Calculate (-8 - 13 - -6) + (104 - 13 - 0).
76
(39 - (4 + 5 - (6 + 5))) + 7
48
Calculate 2 + 4 